{"id":3693,"date":"2023-04-14T09:46:10","date_gmt":"2023-04-14T09:46:10","guid":{"rendered":"https:\/\/vaidy.themeht.com\/?page_id=3693"},"modified":"2023-10-19T07:16:40","modified_gmt":"2023-10-19T07:16:40","slug":"meist","status":"publish","type":"page","link":"https:\/\/www.activella.ee\/?page_id=3693","title":{"rendered":"Meist"},"content":{"rendered":"\t\t<div data-elementor-type=\"wp-page\" data-elementor-id=\"3693\" class=\"elementor elementor-3693\">\n\t\t\t\t\t\t<section class=\"elementor-section elementor-top-section elementor-element elementor-element-ddb0f54 elementor-section-content-top elementor-section-boxed elementor-section-height-default elementor-section-height-default transparent\" data-id=\"ddb0f54\" data-element_type=\"section\" data-e-type=\"section\">\n\t\t\t\t\t\t<div class=\"elementor-container elementor-column-gap-default\">\n\t\t\t\t\t<div class=\"elementor-column elementor-col-50 elementor-top-column elementor-element elementor-element-940909c\" data-id=\"940909c\" data-element_type=\"column\" data-e-type=\"column\">\n\t\t\t<div class=\"elementor-widget-wrap elementor-element-populated\">\n\t\t\t\t\t\t<div class=\"elementor-element elementor-element-0d16e61 elementor-widget elementor-widget-image\" data-id=\"0d16e61\" data-element_type=\"widget\" data-e-type=\"widget\" data-widget_type=\"image.default\">\n\t\t\t\t<div class=\"elementor-widget-container\">\n\t\t\t\t\t\t\t\t\t\t\t\t\t\t\t<img fetchpriority=\"high\" decoding=\"async\" width=\"1400\" height=\"1000\" src=\"https:\/\/activella.ee\/wp-content\/uploads\/2023\/02\/service-img-01.jpg\" class=\"attachment-full size-full wp-image-4182\" alt=\"service-img\" srcset=\"https:\/\/activella.ee\/wp-content\/uploads\/2023\/02\/service-img-01.jpg 1400w, https:\/\/activella.ee\/wp-content\/uploads\/2023\/02\/service-img-01-300x214.jpg 300w, https:\/\/activella.ee\/wp-content\/uploads\/2023\/02\/service-img-01-1024x731.jpg 1024w, https:\/\/activella.ee\/wp-content\/uploads\/2023\/02\/service-img-01-768x549.jpg 768w\" sizes=\"(max-width: 1400px) 100vw, 1400px\" \/>\t\t\t\t\t\t\t\t\t\t\t\t\t\t\t<\/div>\n\t\t\t\t<\/div>\n\t\t\t\t\t<\/div>\n\t\t<\/div>\n\t\t\t\t<div class=\"elementor-column elementor-col-50 elementor-top-column elementor-element elementor-element-0de3259\" data-id=\"0de3259\" data-element_type=\"column\" data-e-type=\"column\">\n\t\t\t<div class=\"elementor-widget-wrap elementor-element-populated\">\n\t\t\t\t\t\t<div class=\"elementor-element elementor-element-b246419 elementor-widget elementor-widget-title\" data-id=\"b246419\" data-element_type=\"widget\" data-e-type=\"widget\" data-widget_type=\"title.default\">\n\t\t\t\t<div class=\"elementor-widget-container\">\n\t\t\t\t\t\n\n\n        <div class=\"theme-title \">\n\n            \n\n         <span>Activella salong<\/span>\n\n          <h2>Otsid leevendust lihasvaludele ja lihaspingetele? <\/h2>\n\n          <p>Activella massaa\u017ei ja f\u00fcsioteraapia salongis pakume nii efektiivset lihashooldust ja selja- turjamassaa\u017ei kui ka l\u00f5\u00f5gastavat ning tervendavat klassikalist massaa\u017ei. Seega leiad meie juurest lahenduse lihaspinge mure korral kui ka siis kui soovid lihtsalt oma keha massaa\u017eiga kosutada ja turgutada.<\/p>        \n\n\n\n        <\/div>\n\n\n\n        \t\t\t\t<\/div>\n\t\t\t\t<\/div>\n\t\t\t\t<section class=\"elementor-section elementor-inner-section elementor-element elementor-element-5c72058 elementor-section-boxed elementor-section-height-default elementor-section-height-default transparent\" data-id=\"5c72058\" data-element_type=\"section\" data-e-type=\"section\">\n\t\t\t\t\t\t<div class=\"elementor-container elementor-column-gap-default\">\n\t\t\t\t\t<div class=\"elementor-column elementor-col-50 elementor-inner-column elementor-element elementor-element-28959b9\" data-id=\"28959b9\" data-element_type=\"column\" data-e-type=\"column\">\n\t\t\t<div class=\"elementor-widget-wrap elementor-element-populated\">\n\t\t\t\t\t\t<div class=\"elementor-element elementor-element-86fefd4 elementor-widget elementor-widget-list_style\" data-id=\"86fefd4\" data-element_type=\"widget\" data-e-type=\"widget\" data-widget_type=\"list_style.default\">\n\t\t\t\t<div class=\"elementor-widget-container\">\n\t\t\t\t\t\r\n        <!-- Start rendering the output -->\r\n\r\n        <ul class=\"list-unstyled list-icon\">\r\n                          <li><i aria-hidden=\"true\" class=\"bootstrap-icon bi-check\"><\/i> Personaalne l\u00e4henemine<\/li>\r\n                            <li><i aria-hidden=\"true\" class=\"bootstrap-icon bi-check\"><\/i> Personaalsed kavad<\/li>\r\n                            <li><i aria-hidden=\"true\" class=\"bootstrap-icon bi-check\"><\/i> Personaalsed eesm\u00e4rgid<\/li>\r\n                          <\/ul>\r\n        <!-- End rendering the output -->\r\n\r\n\r\n\r\n        \t\t\t\t<\/div>\n\t\t\t\t<\/div>\n\t\t\t\t\t<\/div>\n\t\t<\/div>\n\t\t\t\t<div class=\"elementor-column elementor-col-50 elementor-inner-column elementor-element elementor-element-9dad654\" data-id=\"9dad654\" data-element_type=\"column\" data-e-type=\"column\">\n\t\t\t<div class=\"elementor-widget-wrap elementor-element-populated\">\n\t\t\t\t\t\t<div class=\"elementor-element elementor-element-4973b34 elementor-widget elementor-widget-list_style\" data-id=\"4973b34\" data-element_type=\"widget\" data-e-type=\"widget\" data-widget_type=\"list_style.default\">\n\t\t\t\t<div class=\"elementor-widget-container\">\n\t\t\t\t\t\r\n        <!-- Start rendering the output -->\r\n\r\n        <ul class=\"list-unstyled list-icon\">\r\n                          <li><i aria-hidden=\"true\" class=\"bootstrap-icon bi-check\"><\/i> L\u00f5\u00f5gastus pingetele<\/li>\r\n                            <li><i aria-hidden=\"true\" class=\"bootstrap-icon bi-check\"><\/i> Taastusravi<\/li>\r\n                          <\/ul>\r\n        <!-- End rendering the output -->\r\n\r\n\r\n\r\n        \t\t\t\t<\/div>\n\t\t\t\t<\/div>\n\t\t\t\t\t<\/div>\n\t\t<\/div>\n\t\t\t\t\t<\/div>\n\t\t<\/section>\n\t\t\t\t\t<\/div>\n\t\t<\/div>\n\t\t\t\t\t<\/div>\n\t\t<\/section>\n\t\t\t\t<section class=\"elementor-section elementor-top-section elementor-element elementor-element-6daf1eb elementor-section-boxed elementor-section-height-default elementor-section-height-default transparent\" data-id=\"6daf1eb\" data-element_type=\"section\" data-e-type=\"section\">\n\t\t\t\t\t\t<div class=\"elementor-container elementor-column-gap-default\">\n\t\t\t\t\t<div class=\"elementor-column elementor-col-33 elementor-top-column elementor-element elementor-element-ab68f11\" data-id=\"ab68f11\" data-element_type=\"column\" data-e-type=\"column\">\n\t\t\t<div class=\"elementor-widget-wrap elementor-element-populated\">\n\t\t\t\t\t\t<div class=\"elementor-element elementor-element-d2bf382 elementor-widget elementor-widget-heading\" data-id=\"d2bf382\" data-element_type=\"widget\" data-e-type=\"widget\" data-widget_type=\"heading.default\">\n\t\t\t\t<div class=\"elementor-widget-container\">\n\t\t\t\t\t<h3 class=\"elementor-heading-title elementor-size-default\">Activella <\/h3>\t\t\t\t<\/div>\n\t\t\t\t<\/div>\n\t\t\t\t<div class=\"elementor-element elementor-element-44e950f elementor-widget elementor-widget-text-editor\" data-id=\"44e950f\" data-element_type=\"widget\" data-e-type=\"widget\" data-widget_type=\"text-editor.default\">\n\t\t\t\t<div class=\"elementor-widget-container\">\n\t\t\t\t\t\t\t\t\t<p>Activella massaa\u017ei ja f\u00fcsioteraapia salongis pakume nii efektiivset lihashooldust ja selja- turjamassaa\u017ei kui ka l\u00f5\u00f5gastavat ning tervendavat klassikalist massaa\u017ei. Seega leiad meie juurest lahenduse lihaspinge mure korral kui ka siis kui soovid lihtsalt oma keha massaa\u017eiga kosutada ja turgutada.<\/p>\t\t\t\t\t\t\t\t<\/div>\n\t\t\t\t<\/div>\n\t\t\t\t\t<\/div>\n\t\t<\/div>\n\t\t\t\t<div class=\"elementor-column elementor-col-33 elementor-top-column elementor-element elementor-element-425b4d0\" data-id=\"425b4d0\" data-element_type=\"column\" data-e-type=\"column\">\n\t\t\t<div class=\"elementor-widget-wrap elementor-element-populated\">\n\t\t\t\t\t\t<div class=\"elementor-element elementor-element-9922ceb elementor-widget elementor-widget-heading\" data-id=\"9922ceb\" data-element_type=\"widget\" data-e-type=\"widget\" data-widget_type=\"heading.default\">\n\t\t\t\t<div class=\"elementor-widget-container\">\n\t\t\t\t\t<h3 class=\"elementor-heading-title elementor-size-default\">Massaa\u017e<\/h3>\t\t\t\t<\/div>\n\t\t\t\t<\/div>\n\t\t\t\t<div class=\"elementor-element elementor-element-9356629 elementor-widget elementor-widget-text-editor\" data-id=\"9356629\" data-element_type=\"widget\" data-e-type=\"widget\" data-widget_type=\"text-editor.default\">\n\t\t\t\t<div class=\"elementor-widget-container\">\n\t\t\t\t\t\t\t\t\t<p>Massaa\u017ei puhul on teadup\u00e4rast oluline nii teenusepakkuja vilumus, oskuslik<br \/>massaa\u017eiv\u00f5tete kasutamine kui ka m\u00f5nus \u00f5hustik. K\u00f5ik see ootab Sind just Activella<br \/>massaa\u017ei ja f\u00fcsioteraapia salongis. Boonusena on meid lihtne leida ja parkimine on otse maja ees t\u00e4iesti tasuta.<\/p>\t\t\t\t\t\t\t\t<\/div>\n\t\t\t\t<\/div>\n\t\t\t\t\t<\/div>\n\t\t<\/div>\n\t\t\t\t<div class=\"elementor-column elementor-col-33 elementor-top-column elementor-element elementor-element-cdfb01a\" data-id=\"cdfb01a\" data-element_type=\"column\" data-e-type=\"column\">\n\t\t\t<div class=\"elementor-widget-wrap elementor-element-populated\">\n\t\t\t\t\t\t<div class=\"elementor-element elementor-element-4b17661 elementor-widget elementor-widget-heading\" data-id=\"4b17661\" data-element_type=\"widget\" data-e-type=\"widget\" data-widget_type=\"heading.default\">\n\t\t\t\t<div class=\"elementor-widget-container\">\n\t\t\t\t\t<h3 class=\"elementor-heading-title elementor-size-default\">F\u00fcsioteraapia<\/h3>\t\t\t\t<\/div>\n\t\t\t\t<\/div>\n\t\t\t\t<div class=\"elementor-element elementor-element-e048d6c elementor-widget elementor-widget-text-editor\" data-id=\"e048d6c\" data-element_type=\"widget\" data-e-type=\"widget\" data-widget_type=\"text-editor.default\">\n\t\t\t\t<div class=\"elementor-widget-container\">\n\t\t\t\t\t\t\t\t\t<p>Taastusravi vallas pakume individuaalset f\u00fcsioteraapia konsultatsiooni. Konsultatsiooni k\u00e4igus v\u00f5tame anamneesi, teostame f\u00fcsioterapeutilise hindamise ning leiame probleemi algp\u00f5hjuse. L\u00f5pptulemusena on Sul olemas individuaalselt just Sinu jaoks loodud harjutuskava, mida ise regulaarselt rakendada saad.<\/p>\t\t\t\t\t\t\t\t<\/div>\n\t\t\t\t<\/div>\n\t\t\t\t\t<\/div>\n\t\t<\/div>\n\t\t\t\t\t<\/div>\n\t\t<\/section>\n\t\t\t\t<section class=\"elementor-section elementor-top-section elementor-element elementor-element-8ca818b elementor-section-stretched transparent-bg elementor-section-boxed elementor-section-height-default elementor-section-height-default\" data-id=\"8ca818b\" data-element_type=\"section\" data-e-type=\"section\" data-settings=\"{&quot;stretch_section&quot;:&quot;section-stretched&quot;}\">\n\t\t\t\t\t\t<div class=\"elementor-container elementor-column-gap-default\">\n\t\t\t\t\t<div class=\"elementor-column elementor-col-100 elementor-top-column elementor-element elementor-element-06a0f8e\" data-id=\"06a0f8e\" data-element_type=\"column\" data-e-type=\"column\">\n\t\t\t<div class=\"elementor-widget-wrap elementor-element-populated\">\n\t\t\t\t\t\t<div class=\"elementor-element elementor-element-708785f elementor-widget elementor-widget-title\" data-id=\"708785f\" data-element_type=\"widget\" data-e-type=\"widget\" data-widget_type=\"title.default\">\n\t\t\t\t<div class=\"elementor-widget-container\">\n\t\t\t\t\t\n\n\n        <div class=\"theme-title center\">\n\n            \n\n         <span>ACTIVELLA<\/span>\n\n          <h2>Tutvu meie meeskonnaga<\/h2>\n\n                  \n\n\n\n        <\/div>\n\n\n\n        \t\t\t\t<\/div>\n\t\t\t\t<\/div>\n\t\t\t\t<div class=\"elementor-element elementor-element-92c97fc elementor-widget elementor-widget-our-team\" data-id=\"92c97fc\" data-element_type=\"widget\" data-e-type=\"widget\" data-widget_type=\"our-team.default\">\n\t\t\t\t<div class=\"elementor-widget-container\">\n\t\t\t\t\t\n\n\n\n               <div class=\"row gx-4\">\n\n           \n                <div class=\"col-lg-4 col-md-6\">\n\n                    <div class=\"team-member\">\n\n                        <div class=\"team-images\">\n\n                            <img decoding=\"async\" width=\"948\" height=\"948\" src=\"https:\/\/activella.ee\/wp-content\/uploads\/2023\/09\/IMG_20230402_095403_617.jpg\" class=\"attachment-post-thumbnail size-post-thumbnail wp-post-image\" alt=\"\" srcset=\"https:\/\/activella.ee\/wp-content\/uploads\/2023\/09\/IMG_20230402_095403_617.jpg 948w, https:\/\/activella.ee\/wp-content\/uploads\/2023\/09\/IMG_20230402_095403_617-300x300.jpg 300w, https:\/\/activella.ee\/wp-content\/uploads\/2023\/09\/IMG_20230402_095403_617-150x150.jpg 150w, https:\/\/activella.ee\/wp-content\/uploads\/2023\/09\/IMG_20230402_095403_617-768x768.jpg 768w, https:\/\/activella.ee\/wp-content\/uploads\/2023\/09\/IMG_20230402_095403_617-600x600.jpg 600w\" sizes=\"(max-width: 948px) 100vw, 948px\" \/>\n                              <div class=\"team-social-list\">\n\n                                <span class=\"team-share-icon\"><i class=\"bi bi-share-fill\"><\/i><\/span>\n\n                                <ul class=\"team-social-icon list-inline\">\n\n                                <li><a href=\"\"><i class=\"\"><\/i><\/a>\n\n                                <\/li>\n\n                                <li><a href=\"\"><i class=\"\"><\/i><\/a>\n\n                                <\/li>\n\n                                <li><a href=\"\"><i class=\"\"><\/i><\/a>\n\n                                <\/li>\n\n                                <li><a href=\"\"><i class=\"\"><\/i><\/a>\n\n                                <\/li>\n\n                            <\/ul>\n\n                            <\/div>\n\n\n                          <\/div>\n\n                        <div class=\"team-description\">\n\n                      \n                            <h5><a href=\"https:\/\/www.activella.ee\/?team=elys-kress\">Elys Kress<\/a><\/h5>\n\n                              <span>f\u00fcsioterapeut, mass\u00f6\u00f6r ja treener<\/span>\n\n                        <\/div>\n\n          \n\n        <\/div>\n\n              <\/div>\n\n              \n                <div class=\"col-lg-4 col-md-6\">\n\n                    <div class=\"team-member\">\n\n                        <div class=\"team-images\">\n\n                            <img decoding=\"async\" width=\"518\" height=\"518\" src=\"https:\/\/activella.ee\/wp-content\/uploads\/2025\/12\/Jan-Erik.jpg\" class=\"attachment-post-thumbnail size-post-thumbnail wp-post-image\" alt=\"\" srcset=\"https:\/\/activella.ee\/wp-content\/uploads\/2025\/12\/Jan-Erik.jpg 518w, https:\/\/activella.ee\/wp-content\/uploads\/2025\/12\/Jan-Erik-300x300.jpg 300w, https:\/\/activella.ee\/wp-content\/uploads\/2025\/12\/Jan-Erik-150x150.jpg 150w\" sizes=\"(max-width: 518px) 100vw, 518px\" \/>\n                              <div class=\"team-social-list\">\n\n                                <span class=\"team-share-icon\"><i class=\"bi bi-share-fill\"><\/i><\/span>\n\n                                <ul class=\"team-social-icon list-inline\">\n\n                                <li><a href=\"\"><i class=\"\"><\/i><\/a>\n\n                                <\/li>\n\n                                <li><a href=\"\"><i class=\"\"><\/i><\/a>\n\n                                <\/li>\n\n                                <li><a href=\"\"><i class=\"\"><\/i><\/a>\n\n                                <\/li>\n\n                                <li><a href=\"\"><i class=\"\"><\/i><\/a>\n\n                                <\/li>\n\n                            <\/ul>\n\n                            <\/div>\n\n\n                          <\/div>\n\n                        <div class=\"team-description\">\n\n                      \n                            <h5><a href=\"https:\/\/www.activella.ee\/?team=jan-erik-elmest\">Jan-Erik Elmest<\/a><\/h5>\n\n                              <span>f\u00fcsioterapeut ja mass\u00f6\u00f6r<\/span>\n\n                        <\/div>\n\n          \n\n        <\/div>\n\n              <\/div>\n\n              \n                <div class=\"col-lg-4 col-md-6\">\n\n                    <div class=\"team-member\">\n\n                        <div class=\"team-images\">\n\n                            <img loading=\"lazy\" decoding=\"async\" width=\"518\" height=\"518\" src=\"https:\/\/activella.ee\/wp-content\/uploads\/2025\/12\/Eva-Lotta.jpg\" class=\"attachment-post-thumbnail size-post-thumbnail wp-post-image\" alt=\"\" srcset=\"https:\/\/activella.ee\/wp-content\/uploads\/2025\/12\/Eva-Lotta.jpg 518w, https:\/\/activella.ee\/wp-content\/uploads\/2025\/12\/Eva-Lotta-300x300.jpg 300w, https:\/\/activella.ee\/wp-content\/uploads\/2025\/12\/Eva-Lotta-150x150.jpg 150w\" sizes=\"(max-width: 518px) 100vw, 518px\" \/>\n                              <div class=\"team-social-list\">\n\n                                <span class=\"team-share-icon\"><i class=\"bi bi-share-fill\"><\/i><\/span>\n\n                                <ul class=\"team-social-icon list-inline\">\n\n                                <li><a href=\"\"><i class=\"\"><\/i><\/a>\n\n                                <\/li>\n\n                                <li><a href=\"\"><i class=\"\"><\/i><\/a>\n\n                                <\/li>\n\n                                <li><a href=\"\"><i class=\"\"><\/i><\/a>\n\n                                <\/li>\n\n                                <li><a href=\"\"><i class=\"\"><\/i><\/a>\n\n                                <\/li>\n\n                            <\/ul>\n\n                            <\/div>\n\n\n                          <\/div>\n\n                        <div class=\"team-description\">\n\n                      \n                            <h5><a href=\"https:\/\/www.activella.ee\/?team=eva-lotta-mathiesen\">Eva-Lotta Mathiesen<\/a><\/h5>\n\n                              <span>mass\u00f6\u00f6r<\/span>\n\n                        <\/div>\n\n          \n\n        <\/div>\n\n              <\/div>\n\n              \n         <\/div>\n\n                \n        \t\t\t\t<\/div>\n\t\t\t\t<\/div>\n\t\t\t\t\t<\/div>\n\t\t<\/div>\n\t\t\t\t\t<\/div>\n\t\t<\/section>\n\t\t\t\t<\/div>\n\t\t","protected":false},"excerpt":{"rendered":"<p>Activella salong Otsid leevendust lihasvaludele ja lihaspingetele? Activella massaa\u017ei ja f\u00fcsioteraapia salongis pakume nii efektiivset lihashooldust ja selja- turjamassaa\u017ei kui ka l\u00f5\u00f5gastavat ning tervendavat klassikalist massaa\u017ei. Seega leiad meie juurest lahenduse lihaspinge mure korral kui ka siis kui soovid lihtsalt oma keha massaa\u017eiga kosutada ja turgutada. Personaalne l\u00e4henemine Personaalsed kavad Personaalsed eesm\u00e4rgid L\u00f5\u00f5gastus pingetele Taastusravi [&hellip;]<\/p>\n","protected":false},"author":1,"featured_media":0,"parent":0,"menu_order":0,"comment_status":"closed","ping_status":"closed","template":"","meta":{"_acf_changed":false,"inline_featured_image":false,"footnotes":""},"class_list":["post-3693","page","type-page","status-publish","hentry"],"acf":[],"jetpack_sharing_enabled":true,"_links":{"self":[{"href":"https:\/\/www.activella.ee\/index.php?rest_route=\/wp\/v2\/pages\/3693","targetHints":{"allow":["GET"]}}],"collection":[{"href":"https:\/\/www.activella.ee\/index.php?rest_route=\/wp\/v2\/pages"}],"about":[{"href":"https:\/\/www.activella.ee\/index.php?rest_route=\/wp\/v2\/types\/page"}],"author":[{"embeddable":true,"href":"https:\/\/www.activella.ee\/index.php?rest_route=\/wp\/v2\/users\/1"}],"replies":[{"embeddable":true,"href":"https:\/\/www.activella.ee\/index.php?rest_route=%2Fwp%2Fv2%2Fcomments&post=3693"}],"version-history":[{"count":5,"href":"https:\/\/www.activella.ee\/index.php?rest_route=\/wp\/v2\/pages\/3693\/revisions"}],"predecessor-version":[{"id":5199,"href":"https:\/\/www.activella.ee\/index.php?rest_route=\/wp\/v2\/pages\/3693\/revisions\/5199"}],"wp:attachment":[{"href":"https:\/\/www.activella.ee\/index.php?rest_route=%2Fwp%2Fv2%2Fmedia&parent=3693"}],"curies":[{"name":"wp","href":"https:\/\/api.w.org\/{rel}","templated":true}]}}